{"id":32,"date":"2022-08-01T23:44:23","date_gmt":"2022-08-01T21:44:23","guid":{"rendered":"http:\/\/www.soccer-challenge.at\/camp\/?page_id=32"},"modified":"2026-04-06T22:26:52","modified_gmt":"2026-04-06T20:26:52","slug":"agb","status":"publish","type":"page","link":"https:\/\/www.soccer-challenge.at\/camp\/?page_id=32","title":{"rendered":"ALLGEMEINE GESCH\u00c4FTSBEDINGUNGEN"},"content":{"rendered":"\n<h4 class=\"wp-block-heading\"><strong>1. Anmeldungen<\/strong><\/h4>\n\n\n\n<p>Das Mindestalter betr\u00e4gt i.d.R. 8 Jahre, das H\u00f6chstalter f\u00fcr ein Soccer Challenge CAMP i.d.R. 12 Jahre, f\u00fcr ein Individualtraining existiert kein H\u00f6chstalter. Die Anmeldung zu dem Soccer Challenge Camp oder zum Individualtraining ist termingerecht durch die erziehungsberechtigte Person bzw. durch die vollj\u00e4hrige Person vorzunehmen. Die Anmeldungen werden nach Eingang ber\u00fccksichtigt, da die Teilnehmer:innenanzahl begrenzt ist. Nach Eingang der Anmeldung erhalten Sie eine schriftliche Best\u00e4tigung und eine Rechnung per E-Mail f\u00fcr die \u00dcberweisung der Teilnahmegeb\u00fchr. Die definitive Aufnahme in die Teilnehmer:innenliste erfolgt nur bei Eingang der Teilnahmegeb\u00fchr bis zum vorgegebenen Termin gem\u00e4\u00df Punk. 2 nachfolgend. Sobald die Teilnahmegeb\u00fchr auf dem Konto eingelangt ist, erhalten Sie eine Teilnahmebest\u00e4tigung per E-Mail. Mit der Anmeldung und der Einzahlung der Teilnahmegeb\u00fchr erkl\u00e4rt sich die erziehungsberechtigte Person mit den unten angef\u00fchrten Punkten\/Bedingungen einverstanden.<\/p>\n\n\n\n<h4 class=\"wp-block-heading\"><strong>2. Teilnahmegeb\u00fchren und Zahlungsbedingungen<\/strong><\/h4>\n\n\n\n<p>F\u00fcr die Teilnahme an dem Soccer Challenge Camp oder einem Individualtraining werden Teilnahmegeb\u00fchren erhoben, die in der Soccer Challenge CAMP Website unter <a href=\"http:\/\/www.soccer-challenge.at\/camp\/?page_id=90\">PREISE<\/a> zu entnehmen sind. Die Teilnahmegeb\u00fchren sind im Voraus zu \u00fcberweisen. Die Teilnahmegeb\u00fchr ist innerhalb von 2 Tagen nach Erhalt der Rechnung, auf das angef\u00fchrte Bankkonto laut Rechnung anzuweisen. Werden die Teilnahmegeb\u00fchren nicht innerhalb der Frist bezahlt, verf\u00e4llt das Recht zur Teilnahme an dem Camp oder an dem Individualtraining.<\/p>\n\n\n\n<h4 class=\"wp-block-heading\"><strong>3. Haftung bei Unfall\/Krankheit\/Sachsch\u00e4den<\/strong><\/h4>\n\n\n\n<p>Medizinische Behandlungskosten aufgrund von Verletzungen und\/oder Erkrankungen sind durch die Krankenversicherung der erziehungsberechtigten Person abgedeckt. Soccer Challenge lehnt jegliche Haftung f\u00fcr Unfall, Krankheit oder Sachsch\u00e4den der Teilnehmer:innen ab. Die erziehungsberechtigte Person der teilnehmenden Kinder bzw. die vollj\u00e4hrigen Personen haften f\u00fcr m\u00f6gliche Sch\u00e4den die w\u00e4hrend dem Camp oder dem Individualtraining angerichtet werden.<\/p>\n\n\n\n<h4 class=\"wp-block-heading\"><strong>4. Haftung bei Diebstahl\/Verlust<\/strong><\/h4>\n\n\n\n<p>Soccer Challenge haftet nicht f\u00fcr Diebstahl oder Verlust von Wertgegenst\u00e4nden oder Bargeld.<\/p>\n\n\n\n<h4 class=\"wp-block-heading\"><strong>5. Angaben \u00fcber den Gesundheitszustand<\/strong><\/h4>\n\n\n\n<p>Mit der Anmeldung wird best\u00e4tigt, dass das Kind bzw. die vollj\u00e4hrigen Person gesund und sportlich voll belastbar ist, und das Trainingsprogramm ohne Einschr\u00e4nkungen absolvieren kann. Das Kind bzw. die vollj\u00e4hrige Person nimmt eigenverantwortlich am Training teil. Allergien und allf\u00e4llig notwendige Medikamente sind der Soccer Challenge Leitung im Zuge der Anmeldung schriftlich (\u00e4rztliches Attest) per E-Mail mitzuteilen.<\/p>\n\n\n\n<h4 class=\"wp-block-heading\"><strong>6. Durchf\u00fchrung<\/strong><\/h4>\n\n\n\n<p>Teilnehmer:innen haben den Anweisungen der Trainer:innen Folge zu leisten. Die Soccer Challenge Leitung behaltet sich das Recht vor, Teilnehmer:innen bei grob unsportlichem Verhalten und\/oder mangelnder Disziplin, ohne R\u00fcckerstattung der Teilnahmegeb\u00fchr, vorzeitig vom Individualtraining oder vom Camp auszuschlie\u00dfen.<\/p>\n\n\n\n<h4 class=\"wp-block-heading\"><strong>7. Absagen\/R\u00fccktritt<\/strong><\/h4>\n\n\n\n<p>Soccer Challenge beh\u00e4lt sich das Recht vor bei ungen\u00fcgender Teilnehmer:innenanzahl das Camp gegen R\u00fcckerstattung der Teilnahmegeb\u00fchr abzusagen. Bei R\u00fccktritt ab 14 Tagen vor dem Camp sind 50 Prozent (%) des Gesamtbetrages der Teilnahmegeb\u00fchr f\u00e4llig. Mit der Absage der teilnehmenden Person sind alle Anspr\u00fcche an den Veranstalter erloschen. Bei Erkrankung direkt vor oder w\u00e4hrend des Camps, die eine Teilnahme nicht erm\u00f6glichen, werden maximal 70 Prozent (%) der Kosten (pro vers\u00e4umten Tag 14%) nur mit Nachweis einer \u00e4rztlichen Best\u00e4tigung zur\u00fcckerstattet. F\u00fcr Ersatz kann Ihrerseits, mit Einverst\u00e4ndnis des Veranstalters gesorgt werden. Bei Absage von 1 Tag bis 14 Tage vor oder w\u00e4hrend des Camps aufgrund sonstiger Gr\u00fcnde, beh\u00e4lt sich Soccer Challenge das Recht vor, den Gesamtbetrag der Teilnahmegeb\u00fchr einzubehalten.<\/p>\n\n\n\n<p>Sobald eine Individualtraining-Buchung und -Einzahlung erfolgt, m\u00fcssen die Trainingseinheiten innerhalb einer klassischen Fu\u00dfballsaison (01.07. \u2013 30.06.) verbraucht werden. Offene und ausst\u00e4ndige Einheiten werden nicht in der folgenden Saison ber\u00fccksichtig. Bei Erkrankung innerhalb der Saison oder direkt vor Ende der Saison, werden die offenen und ausst\u00e4ndigen Trainingseinheiten nur mit Nachweis einer \u00e4rztlichen Best\u00e4tigung f\u00fcr die n\u00e4chste Saison ber\u00fccksichtigt. Die Absage einer Individualtrainingseinheit muss mindestens 24 Stunden vor dem vereinbarten Trainingstermin erfolgen, ansonsten wird eine gesamte Trainingseinheit verrechnet.<\/p>\n\n\n\n<h4 class=\"wp-block-heading\"><strong>8. Foto-, Daten- und Filmrecht<\/strong><\/h4>\n\n\n\n<p>Teilnehmer:innen und deren erziehungsberechtigte Person bzw. die teilnehmenden vollj\u00e4hrigen Personen erkl\u00e4ren mit der Anmeldung das Einverst\u00e4ndnis dazu, dass von dem Teilnehmer:innen Bilder und Filmaufnahmen angefertigt und durch den Soccer Challenge Veranstalter zu Zwecken der eigenen und\/oder fremden Werbung verbreitet und \u00f6ffentlich (inklusive Internet) vorgef\u00fchrt werden. Auch die Daten der Teilnehmer:innen k\u00f6nnen, wenn ein Zusammenhang mit dem Veranstalter besteht, verwendet werden.<\/p>\n","protected":false},"excerpt":{"rendered":"<p>1. Anmeldungen Das Mindestalter betr\u00e4gt i.d.R. 8 Jahre, das H\u00f6chstalter f\u00fcr ein Soccer Challenge CAMP i.d.R. 12 Jahre, f\u00fcr ein Individualtraining existiert kein H\u00f6chstalter. Die Anmeldung zu dem Soccer Challenge Camp oder zum Individualtraining ist termingerecht durch die erziehungsberechtigte Person bzw. durch die vollj\u00e4hrige Person vorzunehmen. Die Anmeldungen werden nach Eingang ber\u00fccksichtigt, da die Teilnehmer:innenanzahl begrenzt ist. Nach Eingang der Anmeldung erhalten Sie eine schriftliche Best\u00e4tigung und eine Rechnung per E-Mail f\u00fcr die \u00dcberweisung der Teilnahmegeb\u00fchr. Die definitive Aufnahme in die Teilnehmer:innenliste erfolgt nur bei Eingang der Teilnahmegeb\u00fchr bis zum vorgegebenen Termin gem\u00e4\u00df Punk. 2 nachfolgend. Sobald die Teilnahmegeb\u00fchr auf&#8230; <\/p>\n","protected":false},"author":1,"featured_media":0,"parent":0,"menu_order":0,"comment_status":"closed","ping_status":"closed","template":"template-parts\/template-no-sidebar.php","meta":{"footnotes":""},"class_list":["post-32","page","type-page","status-publish","hentry"],"_links":{"self":[{"href":"https:\/\/www.soccer-challenge.at\/camp\/index.php?rest_route=\/wp\/v2\/pages\/32","targetHints":{"allow":["GET"]}}],"collection":[{"href":"https:\/\/www.soccer-challenge.at\/camp\/index.php?rest_route=\/wp\/v2\/pages"}],"about":[{"href":"https:\/\/www.soccer-challenge.at\/camp\/index.php?rest_route=\/wp\/v2\/types\/page"}],"author":[{"embeddable":true,"href":"https:\/\/www.soccer-challenge.at\/camp\/index.php?rest_route=\/wp\/v2\/users\/1"}],"replies":[{"embeddable":true,"href":"https:\/\/www.soccer-challenge.at\/camp\/index.php?rest_route=%2Fwp%2Fv2%2Fcomments&post=32"}],"version-history":[{"count":10,"href":"https:\/\/www.soccer-challenge.at\/camp\/index.php?rest_route=\/wp\/v2\/pages\/32\/revisions"}],"predecessor-version":[{"id":257,"href":"https:\/\/www.soccer-challenge.at\/camp\/index.php?rest_route=\/wp\/v2\/pages\/32\/revisions\/257"}],"wp:attachment":[{"href":"https:\/\/www.soccer-challenge.at\/camp\/index.php?rest_route=%2Fwp%2Fv2%2Fmedia&parent=32"}],"curies":[{"name":"wp","href":"https:\/\/api.w.org\/{rel}","templated":true}]}}